33 (base 4) to base 14
14ab
Convert -21553 (base 6) to base 5.
-44041
Convert -2855 (base 11) to base 14.
-14b8
What is 10011010 (base 2) in base 6?
414
Convert 409 (base 16) to base 14.
53b
Convert -2a1 (base 16) to base 9.
-827
Convert 202110 (base 3) to base 7.
1416
Convert -30033 (base 5) to base 9.
-2533
111001111001010 (base 2) to base 15
8bb2
41b (base 13) to base 3
221221
What is -5c0e (base 15) in base 4?
-10302011
Convert 42440 (base 5) to base 4.
230312
1746 (base 11) to base 8
4264
Convert 14ac (base 14) to base 5.
104210
What is -32232 (base 5) in base 2?
-100010010000
Convert 43044 (base 5) to base 14.
10b1
What is -253404 (base 6) in base 13?
-a510
What is 1212023 (base 4) in base 11?
4a05
2350 (base 7) to base 11
71a
Convert -765b (base 13) to base 14.
-6005
What is -69 (base 14) in base 2?
-1011101
What is -10001000111010 (base 2) in base 11?
-6646
397a (base 12) to base 14
2578
Convert 3121013 (base 4) to base 5.
421040
What is -3ab (base 12) in base 15?
-278
-1385 (base 11) to base 6
-12135
What is -23490 (base 10) in base 4?
-11233002
What is 16355 (base 13) in base 9?
64042
100110000011011 (base 2) to base 8
46033
What is -66 (base 15) in base 12?
-80
What is 3013 (base 7) in base 4?
100033
What is 2ce (base 16) in base 2?
1011001110
Convert 316 (base 8) to base 3.
21122
101011011100011 (base 2) to base 9
33454
Convert -111165 (base 7) to base 2.
-100110010111111
205 (base 15) to base 6
2035
What is 1212200 (base 5) in base 11?
16148
302203 (base 4) to base 12
1a57
What is 100 (base 3) in base 9?
10
What is 102122011 (base 3) in base 6?
103134
Convert -62 (base 7) to base 2.
-101100
What is 5166 (base 8) in base 3?
10200012
Convert 3253 (base 10) to base 8.
6265
Convert 1443 (base 14) to base 4.
320003
What is 10001111100 (base 2) in base 12?
7b8
What is -4111 (base 5) in base 6?
-2243
-1011010010 (base 2) to base 15
-332
Convert 200020020 (base 3) to base 10.
13290
What is 342 (base 16) in base 13?
4c2
What is 119c (base 13) in base 6?
15315
53401 (base 6) to base 2
1110001101001
Convert 2bb (base 15) to base 12.
442
Convert -10012 (base 5) to base 8.
-1170
Convert -14488 (base 13) to base 8.
-112371
What is 2e8d (base 16) in base 14?
44b3
Convert 6441 (base 13) to base 3.
201002020
310 (base 11) to base 9
455
-134230 (base 6) to base 11
-9531
What is 19da (base 14) in base 5?
122300
-1114c (base 16) to base 5
-4214324
Convert -2030 (base 6) to base 5.
-3300
Convert 306 (base 12) to base 5.
3223
Convert -1212102 (base 4) to base 10.
-6546
111010010110111 (base 2) to base 3
1111222122
Convert 256251 (base 7) to base 16.
bac3
Convert 2605 (base 7) to base 13.
5aa
Convert -19c (base 13) to base 10.
-298
4b (base 15) to base 11
65
Convert 1323 (base 10) to base 8.
2453
What is -15b0 (base 13) in base 8?
-6161
Convert 6840 (base 10) to base 9.
10340
24578 (base 9) to base 11
11453
-13c0 (base 13) to base 9
-3827
What is -5e2 (base 15) in base 2?
-10100111001
-7383 (base 16) to base 10
-29571
-12032222 (base 4) to base 11
-18195
What is -289 (base 16) in base 2?
-1010001001
What is -1000100111 (base 3) in base 11?
-13a87
101000111 (base 2) to base 6
1303
What is -60a9 (base 12) in base 14?
-3b7b
What is 1006 (base 11) in base 13?
7bb
2536 (base 16) to base 15
2c51
What is 35c (base 15) in base 3?
1001020
What is -1000110110 (base 2) in base 14?
-2c6
-361 (base 14) to base 7
-1651
What is -3661 (base 8) in base 15?
-8b4
11105 (base 7) to base 10
2798
-4073 (base 8) to base 2
-100000111011
Convert -25484 (base 9) to base 7.
-101023
-101000100001011 (base 2) to base 13
-959c
Convert -10668 (base 10) to base 15.
-3263
-423340 (base 6) to base 10
-34476
-44402 (base 5) to base 15
-dbc
-21350 (base 7) to base 12
-30bb
Convert 43001 (base 6) to base 15.
1add
What is 1302240 (base 5) in base 2?
110001011101000
What is -24502 (base 6) in base 15?
-1128
Convert -22646 (base 11) to base 13.
-11b7c
What is -4546 (base 9) in base 3?
-11121120
Convert -12505 (base 12) to base 8.
-60525
33002 (base 6) to base 14
1922
What is 8571 (base 12) in base 8?
34445
What is 1225 (base 9) in base 8?
1622
Convert -12752 (base 13) to base 7.
-201503
-521 (base 12) to base 7
-2113
What is 1260 (base 7) in base 5?
3413
Convert 2746 (base 9) to base 10.
2067
-1da6 (base 14) to base 12
-3192
Convert -4402 (base 9) to base 4.
-302222
d43 (base 16) to base 6
23415
What is -11001010101110 (base 2) in base 12?
-7612
-1544 (base 12) to base 16
-9c4
1219 (base 13) to base 11
1a15
135666 (base 8) to base 10
48054
2444 (base 11) to base 2
110001111010
-1441 (base 15) to base 11
-3292
Convert -201 (base 16) to base 3.
-201000
What is 11003231 (base 4) in base 11?
14624
-11100000110110 (base 2) to base 5
-430030
729 (base 12) to base 10
1041
Convert -50880 (base 10) to base 9.
-76713
62054 (base 8) to base 7
134523
1297 (base 12) to base 14
ac3
What is -1f6 (base 16) in base 5?
-4002
-44033 (base 5) to base 2
-101111001010
Convert -2306 (base 9) to base 8.
-3253
What is b1e (base 15) in base 7?
10205
-300202 (base 4) to base 7
-12025
3401 (base 7) to base 9
1612
Convert -110011011111 (base 2) to base 3.
-11112001
What is 1100101100110 (base 2) in base 16?
1966
Convert 1810 (base 9) to base 12.
976
Convert 112bb (base 12) to base 6.
253555
What is -2c47 (base 13) in base 10?
-6481
-15512 (base 7) to base 6
-32122
What is 243 (base 15) in base 13?
306
293 (base 10) to base 6
1205
-3963 (base 16) to base 6
-152003
11220002 (base 3) to base 4
313232
What is -516 (base 9) in base 15?
-1d0
What is -1b79 (base 13) in base 12?
-24a4
54 (base 11) to base 14
43
Convert 1212131 (base 4) to base 6.
50205
What is 230 (base 13) in base 16?
179
What is 21021202 (base 4) in base 3?
1220101221
Convert -100011101001 (base 2) to base 4.
-203221
92 (base 14) to base 10
128
What is -105554 (base 7) in base 15?
-588b
What is -23555 (base 6) in base 12?
-1bbb
What is -110102 (base 3) in base 2?
-101001111
481 (base 12) to base 13
3ca
What is -3737 (base 11) in base 5?
-124010
Convert b2a9 (base 15) to base 13.
14238
52c (base 13) to base 7
2401
10202202021 (base 3) to base 15
16ea1
5115 (base 10) to base 12
2b63
24011 (base 5) to base 2
11011011100
Convert 636 (base 11) to base 12.
539
Convert 131303 (base 4) to base 5.
30112
What is 111202 (base 3) in base 6?
1415
Convert -252 (base 15) to base 2.
-1000001111
Convert 66 (base 8) to base 12.
46
Convert 4420 (base 7) to base 8.
3056
What is -471a (base 15) in base 7?
-62011
-13103 (base 4) to base 9
-568
Convert -cb0 (base 15) to base 12.
-17a9
Convert 1787 (base 14) to base 15.
13c5
-a779 (base 13) to base 14
-868d
1422 (base 12) to base 4
210122
What is 691 (base 16) in base 8?
3221
-3122433 (base 5) to base 7
-303330
25037 (base 11) to base 13
134b6
What is 44526 (base 9) in base 4?
13032111
What is 6d4 (base 15) in base 16?
60d
-1525 (base 6) to base 9
-508
-915 (base 12) to base 8
-2441
1152 (base 15) to base 9
5035
What is -14 (base 9) in base 14?
-d
What is -241 (base 8) in base 15?
-ab
-743 (base 12) to base 6
-4523
-3919 (base 10) to base 2
-111101001111
Convert 4651 (base 7) to base 2.
11010100110
17303 (base 9) to base 8
27206
Convert 232504 (base 7) to base 9.
63241
What is 1003321 (base 5) in base 16?
3ed6
What is -1299c (base 13) in base 14?
-c87b
Convert 264 (base 12) to base 4.
11230
12101101 (base 3) to base 10
3925
What is 120212202 (base 3) in base 12?
6848
Convert -46b (base 15) to base 7.
-2630
Convert -43112 (base 5) to base 12.
-1823
-63a (base 14) to base 8
-2314
What is -23200 (base 4) in base 15?
-341
What is -69b (base 13) in base 3?
-1120022
55c1 (base 16) to base 15
6788
Convert -1210010 (base 3) to base 9.
-1703
What is -1672a (base 12) in base 5?
-2012041
Convert -5909 (base 14) to base 5.
-443433
Convert 1407 (base 10) to base 8.
2577
1d2 (base 15) to base 9
518
Convert -527 (base 10) to base 3.
-201112
Convert 16588 (base 13) to base 7.
235330
1dd (base 15) to base 2
110110001
What is -222301 (base 4) in base 10?
-2737
Convert -63 (base 14) to base 9.
-106
Convert 142213 (base 6) to base 3.
200111000
Convert -320a (base 13) to base 7.
-26142
What is 5029 (base 11) in base 7?
25331
-1311300 (base 4) to base 8
-16560
What is 16257 (base 16) in base 13?
3239a
Convert 436 (base 11) to base 16.
20b
What is -30